ors of 165381472.
2, 19, 272009
What are the prime factors of 573519450?
2, 3, 5, 7, 103, 5303
What are the prime factors of 110542584?
2, 3, 509, 9049
List the prime factors of 830597255.
5, 19, 761, 11489
What are the prime factors of 486171232?
2, 269, 56479
List the prime factors of 4138262809.
4138262809
List the prime factors of 864602796.
2, 3, 17, 139, 30491
List the prime factors of 619593696.
2, 3, 17, 126551
List the prime factors of 85239471.
3, 307, 92551
List the prime factors of 910566609.
3, 303522203
What are the prime factors of 143404011?
3, 23, 43, 16111
List the prime factors of 57013381.
57013381
List the prime factors of 47793004.
2, 7, 347, 4919
List the prime factors of 1856130221.
11, 1759, 95929
List the prime factors of 3834165626.
2, 37, 239, 216791
List the prime factors of 286162470.
2, 3, 5, 11, 32117
What are the prime factors of 3681021?
3, 41, 29927
What are the prime factors of 62750014?
2, 31, 1012097
List the prime factors of 59057409.
3, 19685803
List the prime factors of 63934993.
47, 1360319
List the prime factors of 3778861857.
3, 1259620619
List the prime factors of 23912484.
2, 3, 727, 2741
List the prime factors of 312209902.
2, 156104951
List the prime factors of 5704276220.
2, 5, 17, 29, 34031
List the prime factors of 1209166076.
2, 302291519
What are the prime factors of 2749422052?
2, 13, 52873501
What are the prime factors of 1807978699?
139, 13007041
What are the prime factors of 23723507?
23723507
List the prime factors of 2764435184.
2, 7, 83, 347, 857
List the prime factors of 133644014.
2, 7, 9546001
List the prime factors of 5409886659.
3, 17, 67, 93131
List the prime factors of 2107147470.
2, 3, 5, 2203, 31883
List the prime factors of 305763177.
3, 379, 268921
What are the prime factors of 249770858?
2, 2699, 46271
List the prime factors of 206564845.
5, 1637, 25237
List the prime factors of 3603247.
211, 17077
What are the prime factors of 157123507?
157123507
List the prime factors of 278317262.
2, 139158631
What are the prime factors of 2093385794?
2, 31, 113, 298799
What are the prime factors of 88757684?
2, 61, 363761
List the prime factors of 46046306.
2, 443, 51971
What are the prime factors of 343349490?
2, 3, 5, 11, 31, 33563
What are the prime factors of 2034878459?
15641, 130099
List the prime factors of 1576893584.
2, 7, 14079407
What are the prime factors of 849906966?
2, 3, 223, 635207
List the prime factors of 569461743.
3, 67, 409, 2309
List the prime factors of 62467855.
5, 12493571
What are the prime factors of 77420249?
77420249
List the prime factors of 2788769677.
18439, 151243
List the prime factors of 38949570.
2, 3, 5, 11, 39343
List the prime factors of 24508847.
11, 2228077
List the prime factors of 1092568486.
2, 37, 47, 314137
List the prime factors of 186061245.
3, 5, 29, 427727
List the prime factors of 560534820.
2, 3, 5, 127, 73561
What are the prime factors of 140335736?
2, 83, 211349
What are the prime factors of 464209345?
5, 23, 31, 59, 2207
List the prime factors of 2213494065.
3, 5, 109, 593, 761
What are the prime factors of 1087430553?
3, 11, 19, 30427
List the prime factors of 101731669.
13, 389, 20117
List the prime factors of 172158335.
5, 19, 23, 78791
What are the prime factors of 648127267?
15443, 41969
What are the prime factors of 16633762?
2, 29, 286789
List the prime factors of 1470475795.
5, 294095159
List the prime factors of 939371108.
2, 13, 17, 1013, 1049
List the prime factors of 8997908.
2, 2249477
What are the prime factors of 1514786387?
31, 197, 248041
List the prime factors of 2734096356.
2, 3, 547, 15427
List the prime factors of 959081687.
409, 2344943
List the prime factors of 902227252.
2, 225556813
What are the prime factors of 65727932?
2, 3533, 4651
List the prime factors of 140365109.
140365109
List the prime factors of 1722152857.
541, 3183277
List the prime factors of 616854378.
2, 3, 7, 14687009
What are the prime factors of 1692842556?
2, 3, 141070213
What are the prime factors of 3596662604?
2, 1459, 616289
What are the prime factors of 961055764?
2, 17, 449, 31477
What are the prime factors of 369957283?
389, 951047
What are the prime factors of 992452473?
3, 4637, 7927
List the prime factors of 23743726.
2, 167, 71089
List the prime factors of 155691420.
2, 3, 5, 107, 24251
List the prime factors of 389600375.
5, 107, 29129
List the prime factors of 59984441.
11, 29, 43, 4373
What are the prime factors of 44369264?
2, 2773079
List the prime factors of 2199128579.
11717, 187687
What are the prime factors of 326527812?
2, 3, 13, 37, 109, 173
What are the prime factors of 211138729?
43, 4910203
List the prime factors of 970744134.
2, 3, 161790689
What are the prime factors of 266320299?
3, 7, 293, 43283
List the prime factors of 31635247.
7, 19, 237859
What are the prime factors of 3982470491?
773, 5151967
List the prime factors of 914703445.
5, 17, 23, 467879
What are the prime factors of 425364843?
3, 67, 787, 2689
What are the prime factors of 103177366?
2, 103, 500861
List the prime factors of 759641591.
759641591
What are the prime factors of 142164105?
3, 5, 9477607
What are the prime factors of 11044525?
5, 31, 14251
What are the prime factors of 4929533?
7, 704219
List the prime factors of 600613470.
2, 3, 5, 47, 107, 1327
List the prime factors of 1569378482.
2, 7, 43, 2606941
What are the prime factors of 612357126?
2, 3, 102059521
What are the prime factors of 332982904?
2, 19, 31, 70667
What are the prime factors of 470986559?
470986559
List the prime factors of 1446147978.
2, 3, 11, 21911333
List the prime factors of 169964638.
2, 43, 1976333
List the prime factors of 1409718335.
5, 31, 9094957
List the prime factors of 18035603.
18035603
List the prime factors of 44142792.
2, 3, 1839283
List the prime factors of 5842081742.
2, 7, 23, 599, 4327
What are the prime factors of 41392600?
2, 5, 67, 3089
List the prime factors of 6489207411.
3, 17, 127239361
List the prime factors of 3041583741.
3, 7, 48279107
List the prime factors of 27338594.
2, 59, 191, 1213
List the prime factors of 841579255.
5, 11, 19, 805339
List the prime factors of 709198479.
3, 11, 1049, 6829
What are the prime factors of 428190051?
3, 173, 825029
What are the prime factors of 3410804997?
3, 71, 1779241
List the prime factors of 140970895.
5, 13, 107, 20269
What are the prime factors of 560530677?
3, 7, 23, 1160519
What are the prime factors of 432522331?
349, 1239319
List the prime factors of 152753140.
2, 5, 181, 42197
What are the prime factors of 67242871?
17, 101, 39163
What are the prime factors of 225238147?
47, 4792301
List the prime factors of 4368659.
4368659
What are the prime factors of 2021576418?
2, 3, 97, 1157833
What are the prime factors of 2386837605?
3, 5, 29, 5486983
List the prime factors of 11415100.
2, 5, 211, 541
List the prime factors of 2965447688.
2, 7, 52954423
List the prime factors of 5228702357.
5228702357
What are the prime factors of 846320319?
3, 13, 41, 19603
List the prime factors of 30094557.
3, 23, 71, 6143
What are the prime factors of 130075664?
2, 131, 229, 271
List the prime factors of 7121855.
5, 13, 109567
List the prime factors of 3576347366.
2, 1788173683
List the prime factors of 816354830.
2, 5, 661, 123503
What are the prime factors of 501224995?
5, 131, 765229
What are the prime factors of 1815557825?
5, 19, 43, 103, 863
List the prime factors of 305284122.
2, 3, 11, 13, 118603
List the prime factors of 4591983389.
7, 103, 1621, 3929
What are the prime factors of 101526276?
2, 3, 103, 82141
What are the prime factors of 1640839689?
3, 89, 271, 7559
List the prime factors of 252602855.
5, 43, 1174897
What are the prime factors of 74034867?
3, 3257, 7577
What are the prime factors of 32540270?
2, 5, 7, 59, 7879
List the prime factors of 241966535.
5, 6271, 7717
List the prime factors of 4514348171.
83, 54389737
What are the prime factors of 368021023?
368021023
List the prime factors of 1616179345.
5, 11, 509, 57731
List the prime factors of 188165122.
2, 2927, 32143
List the prime factors of 2321541213.
3, 2089, 370439
List the prime factors of 53747281.
7, 7678183
What are the prime factors of 503556872?
2, 7, 13, 47, 14717
List the prime factors of 18648229.
18648229
List th